{"id":53823,"date":"2025-11-03T16:32:47","date_gmt":"2025-11-03T16:32:47","guid":{"rendered":"https:\/\/eureka-tp.com\/?post_type=product&#038;p=53823"},"modified":"2026-01-17T04:17:07","modified_gmt":"2026-01-17T04:17:07","slug":"tdf2026lille02","status":"publish","type":"product","link":"https:\/\/eureka-tp.com\/fr\/product\/tdf2026lille02\/","title":{"rendered":"Tour de France Eureka<br>Lille 6 f\u00e9vrier 2026"},"content":{"rendered":"<div class=\"pbs-main-wrapper\"><\/div>","protected":false},"excerpt":{"rendered":"<div class=\"fl-module fl-module-heading fl-node-3mpvyeqki078\" data-node=\"3mpvyeqki078\">\n<div class=\"fl-module-content fl-node-content\">\n<h2><strong>Etape de Lille FR <\/strong><strong>anim\u00e9 par Christophe Peger Eureka !<\/strong><\/h2>\n<p>\u2705 Formation de 9h \u00e0 12h midi<br \/>\n\u2705 Mat\u00e9riel et accessoires p\u00e9dagogiques.<br \/>\n\u2705 Pause caf\u00e9<\/p>\n<p class=\"fl-heading\"><em>Le lieu de la formation sera communiqu\u00e9 par email en d\u00e9but d&#8217;ann\u00e9e 2026 &#8211; Merci.<\/em><\/p>\n<\/div>\n<\/div>\n<div class=\"fl-module fl-module-rich-text fl-node-tr4hs2y7gbfo\" data-node=\"tr4hs2y7gbfo\">\n<div class=\"fl-module-content fl-node-content\">\n<div class=\"fl-rich-text\">\n<p><em>.<\/em><\/p>\n<\/div>\n<\/div>\n<\/div>\n","protected":false},"featured_media":53544,"template":"","meta":{"_genesis_hide_title":false,"_genesis_hide_breadcrumbs":false,"_genesis_hide_singular_image":false,"_genesis_hide_footer_widgets":false,"_genesis_custom_body_class":"","_genesis_custom_post_class":"","_genesis_layout":"","episode_type":"","audio_file":"","cover_image":"","cover_image_id":"","duration":"","filesize":"","date_recorded":"","explicit":"","block":"","itunes_episode_number":"","itunes_title":"","itunes_season_number":"","itunes_episode_type":"","filesize_raw":""},"product_cat":[466],"product_tag":[],"class_list":{"0":"post-53823","1":"product","2":"type-product","3":"status-publish","4":"has-post-thumbnail","6":"product_cat-tdf2026","7":"entry"},"yoast_head":"<!-- This site is optimized with the Yoast SEO plugin v23.9 - https:\/\/yoast.com\/wordpress\/plugins\/seo\/ -->\n<title>Tour de France EurekaLille 6 f\u00e9vrier 2026 - Eureka - Train the Trainer<\/title>\n<meta name=\"robots\" content=\"index, follow, max-snippet:-1, max-image-preview:large, max-video-preview:-1\" \/>\n<link rel=\"canonical\" href=\"https:\/\/eureka-tp.com\/fr\/product\/tdf2026lille02\/\" \/>\n<meta property=\"og:locale\" content=\"fr_FR\" \/>\n<meta property=\"og:type\" content=\"article\" \/>\n<meta property=\"og:title\" content=\"Tour de France EurekaLille 6 f\u00e9vrier 2026 - Eureka - Train the Trainer\" \/>\n<meta property=\"og:description\" content=\"Etape de Lille FR anim\u00e9 par Christophe Peger Eureka ! \u2705 Formation de 9h \u00e0 12h midi \u2705 Mat\u00e9riel et accessoires p\u00e9dagogiques. \u2705 Pause caf\u00e9 Le lieu de la formation sera communiqu\u00e9 par email en d\u00e9but d&#039;ann\u00e9e 2026 - Merci.        .\" \/>\n<meta property=\"og:url\" content=\"https:\/\/eureka-tp.com\/fr\/product\/tdf2026lille02\/\" \/>\n<meta property=\"og:site_name\" content=\"Eureka - Train the Trainer\" \/>\n<meta property=\"article:modified_time\" content=\"2026-01-17T04:17:07+00:00\" \/>\n<meta property=\"og:image\" content=\"https:\/\/eureka-tp.com\/wp-content\/uploads\/2025\/10\/a-blue-volkswagen-camper-van-with-the-white-inscri2.png\" \/>\n\t<meta property=\"og:image:width\" content=\"1024\" \/>\n\t<meta property=\"og:image:height\" content=\"1024\" \/>\n\t<meta property=\"og:image:type\" content=\"image\/png\" \/>\n<meta name=\"twitter:label1\" content=\"Est. reading time\" \/>\n\t<meta name=\"twitter:data1\" content=\"1 minute\" \/>\n<script type=\"application\/ld+json\" class=\"yoast-schema-graph\">{\"@context\":\"https:\/\/schema.org\",\"@graph\":[{\"@type\":\"WebPage\",\"@id\":\"https:\/\/eureka-tp.com\/fr\/product\/tdf2026lille02\/\",\"url\":\"https:\/\/eureka-tp.com\/fr\/product\/tdf2026lille02\/\",\"name\":\"Tour de France Eureka Lille 6 f\u00e9vrier 2026 - Eureka - Train the Trainer\",\"isPartOf\":{\"@id\":\"https:\/\/eureka-tp.com\/#website\"},\"primaryImageOfPage\":{\"@id\":\"https:\/\/eureka-tp.com\/fr\/product\/tdf2026lille02\/#primaryimage\"},\"image\":{\"@id\":\"https:\/\/eureka-tp.com\/fr\/product\/tdf2026lille02\/#primaryimage\"},\"thumbnailUrl\":\"https:\/\/eureka-tp.com\/wp-content\/uploads\/2025\/10\/a-blue-volkswagen-camper-van-with-the-white-inscri2.png\",\"datePublished\":\"2025-11-03T16:32:47+00:00\",\"dateModified\":\"2026-01-17T04:17:07+00:00\",\"breadcrumb\":{\"@id\":\"https:\/\/eureka-tp.com\/fr\/product\/tdf2026lille02\/#breadcrumb\"},\"inLanguage\":\"fr-FR\",\"potentialAction\":[{\"@type\":\"ReadAction\",\"target\":[\"https:\/\/eureka-tp.com\/fr\/product\/tdf2026lille02\/\"]}]},{\"@type\":\"ImageObject\",\"inLanguage\":\"fr-FR\",\"@id\":\"https:\/\/eureka-tp.com\/fr\/product\/tdf2026lille02\/#primaryimage\",\"url\":\"https:\/\/eureka-tp.com\/wp-content\/uploads\/2025\/10\/a-blue-volkswagen-camper-van-with-the-white-inscri2.png\",\"contentUrl\":\"https:\/\/eureka-tp.com\/wp-content\/uploads\/2025\/10\/a-blue-volkswagen-camper-van-with-the-white-inscri2.png\",\"width\":1024,\"height\":1024},{\"@type\":\"BreadcrumbList\",\"@id\":\"https:\/\/eureka-tp.com\/fr\/product\/tdf2026lille02\/#breadcrumb\",\"itemListElement\":[{\"@type\":\"ListItem\",\"position\":1,\"name\":\"Home\",\"item\":\"https:\/\/eureka-tp.com\/fr\/\"},{\"@type\":\"ListItem\",\"position\":2,\"name\":\"Tour de France EurekaLille 6 f\u00e9vrier 2026\"}]},{\"@type\":\"WebSite\",\"@id\":\"https:\/\/eureka-tp.com\/#website\",\"url\":\"https:\/\/eureka-tp.com\/\",\"name\":\"Eureka - Train the Trainer\",\"description\":\"Training for Trainers\",\"potentialAction\":[{\"@type\":\"SearchAction\",\"target\":{\"@type\":\"EntryPoint\",\"urlTemplate\":\"https:\/\/eureka-tp.com\/?s={search_term_string}\"},\"query-input\":{\"@type\":\"PropertyValueSpecification\",\"valueRequired\":true,\"valueName\":\"search_term_string\"}}],\"inLanguage\":\"fr-FR\"}]}<\/script>\n<!-- \/ Yoast SEO plugin. -->","yoast_head_json":{"title":"Tour de France EurekaLille 6 f\u00e9vrier 2026 - Eureka - Train the Trainer","robots":{"index":"index","follow":"follow","max-snippet":"max-snippet:-1","max-image-preview":"max-image-preview:large","max-video-preview":"max-video-preview:-1"},"canonical":"https:\/\/eureka-tp.com\/fr\/product\/tdf2026lille02\/","og_locale":"fr_FR","og_type":"article","og_title":"Tour de France EurekaLille 6 f\u00e9vrier 2026 - Eureka - Train the Trainer","og_description":"Etape de Lille FR anim\u00e9 par Christophe Peger Eureka ! \u2705 Formation de 9h \u00e0 12h midi \u2705 Mat\u00e9riel et accessoires p\u00e9dagogiques. \u2705 Pause caf\u00e9 Le lieu de la formation sera communiqu\u00e9 par email en d\u00e9but d'ann\u00e9e 2026 - Merci.        .","og_url":"https:\/\/eureka-tp.com\/fr\/product\/tdf2026lille02\/","og_site_name":"Eureka - Train the Trainer","article_modified_time":"2026-01-17T04:17:07+00:00","og_image":[{"width":1024,"height":1024,"url":"https:\/\/eureka-tp.com\/wp-content\/uploads\/2025\/10\/a-blue-volkswagen-camper-van-with-the-white-inscri2.png","type":"image\/png"}],"twitter_misc":{"Est. reading time":"1 minute"},"schema":{"@context":"https:\/\/schema.org","@graph":[{"@type":"WebPage","@id":"https:\/\/eureka-tp.com\/fr\/product\/tdf2026lille02\/","url":"https:\/\/eureka-tp.com\/fr\/product\/tdf2026lille02\/","name":"Tour de France Eureka Lille 6 f\u00e9vrier 2026 - Eureka - Train the Trainer","isPartOf":{"@id":"https:\/\/eureka-tp.com\/#website"},"primaryImageOfPage":{"@id":"https:\/\/eureka-tp.com\/fr\/product\/tdf2026lille02\/#primaryimage"},"image":{"@id":"https:\/\/eureka-tp.com\/fr\/product\/tdf2026lille02\/#primaryimage"},"thumbnailUrl":"https:\/\/eureka-tp.com\/wp-content\/uploads\/2025\/10\/a-blue-volkswagen-camper-van-with-the-white-inscri2.png","datePublished":"2025-11-03T16:32:47+00:00","dateModified":"2026-01-17T04:17:07+00:00","breadcrumb":{"@id":"https:\/\/eureka-tp.com\/fr\/product\/tdf2026lille02\/#breadcrumb"},"inLanguage":"fr-FR","potentialAction":[{"@type":"ReadAction","target":["https:\/\/eureka-tp.com\/fr\/product\/tdf2026lille02\/"]}]},{"@type":"ImageObject","inLanguage":"fr-FR","@id":"https:\/\/eureka-tp.com\/fr\/product\/tdf2026lille02\/#primaryimage","url":"https:\/\/eureka-tp.com\/wp-content\/uploads\/2025\/10\/a-blue-volkswagen-camper-van-with-the-white-inscri2.png","contentUrl":"https:\/\/eureka-tp.com\/wp-content\/uploads\/2025\/10\/a-blue-volkswagen-camper-van-with-the-white-inscri2.png","width":1024,"height":1024},{"@type":"BreadcrumbList","@id":"https:\/\/eureka-tp.com\/fr\/product\/tdf2026lille02\/#breadcrumb","itemListElement":[{"@type":"ListItem","position":1,"name":"Home","item":"https:\/\/eureka-tp.com\/fr\/"},{"@type":"ListItem","position":2,"name":"Tour de France EurekaLille 6 f\u00e9vrier 2026"}]},{"@type":"WebSite","@id":"https:\/\/eureka-tp.com\/#website","url":"https:\/\/eureka-tp.com\/","name":"Eureka - Train the Trainer","description":"Training for Trainers","potentialAction":[{"@type":"SearchAction","target":{"@type":"EntryPoint","urlTemplate":"https:\/\/eureka-tp.com\/?s={search_term_string}"},"query-input":{"@type":"PropertyValueSpecification","valueRequired":true,"valueName":"search_term_string"}}],"inLanguage":"fr-FR"}]}},"_links":{"self":[{"href":"https:\/\/eureka-tp.com\/fr\/wp-json\/wp\/v2\/product\/53823"}],"collection":[{"href":"https:\/\/eureka-tp.com\/fr\/wp-json\/wp\/v2\/product"}],"about":[{"href":"https:\/\/eureka-tp.com\/fr\/wp-json\/wp\/v2\/types\/product"}],"wp:featuredmedia":[{"embeddable":true,"href":"https:\/\/eureka-tp.com\/fr\/wp-json\/wp\/v2\/media\/53544"}],"wp:attachment":[{"href":"https:\/\/eureka-tp.com\/fr\/wp-json\/wp\/v2\/media?parent=53823"}],"wp:term":[{"taxonomy":"product_cat","embeddable":true,"href":"https:\/\/eureka-tp.com\/fr\/wp-json\/wp\/v2\/product_cat?post=53823"},{"taxonomy":"product_tag","embeddable":true,"href":"https:\/\/eureka-tp.com\/fr\/wp-json\/wp\/v2\/product_tag?post=53823"}],"curies":[{"name":"wp","href":"https:\/\/api.w.org\/{rel}","templated":true}]}}

Tour de France Eureka<br>Lille 6 février 2026

<div class="fl-module fl-module-heading fl-node-3mpvyeqki078" data-node="3mpvyeqki078">
<div class="fl-module-content fl-node-content">
<h2><strong>Etape de Lille FR </strong><strong>animé par Christophe Peger Eureka !</strong></h2>
<p>✅ Formation de 9h à 12h midi<br />
✅ Matériel et accessoires pédagogiques.<br />
✅ Pause café</p>
<p class="fl-heading"><em>Le lieu de la formation sera communiqué par email en début d&#8217;année 2026 &#8211; Merci.</em></p>
</div>
</div>
<div class="fl-module fl-module-rich-text fl-node-tr4hs2y7gbfo" data-node="tr4hs2y7gbfo">
<div class="fl-module-content fl-node-content">
<div class="fl-rich-text">
<p><em>.</em></p>
</div>
</div>
</div>

<!-- This site is optimized with the Yoast SEO plugin v23.9 - https://yoast.com/wordpress/plugins/seo/ -->
<title>Tour de France EurekaLille 6 février 2026 - Eureka - Train the Trainer</title>
<meta name="robots" content="index, follow, max-snippet:-1, max-image-preview:large, max-video-preview:-1" />
<link rel="canonical" href="https://eureka-tp.com/fr/product/tdf2026lille02/" />
<meta property="og:locale" content="fr_FR" />
<meta property="og:type" content="article" />
<meta property="og:title" content="Tour de France EurekaLille 6 février 2026 - Eureka - Train the Trainer" />
<meta property="og:description" content="Etape de Lille FR animé par Christophe Peger Eureka ! ✅ Formation de 9h à 12h midi ✅ Matériel et accessoires pédagogiques. ✅ Pause café Le lieu de la formation sera communiqué par email en début d&#039;année 2026 - Merci.        ." />
<meta property="og:url" content="https://eureka-tp.com/fr/product/tdf2026lille02/" />
<meta property="og:site_name" content="Eureka - Train the Trainer" />
<meta property="article:modified_time" content="2026-01-17T04:17:07+00:00" />
<meta property="og:image" content="https://eureka-tp.com/wp-content/uploads/2025/10/a-blue-volkswagen-camper-van-with-the-white-inscri2.png" />
	<meta property="og:image:width" content="1024" />
	<meta property="og:image:height" content="1024" />
	<meta property="og:image:type" content="image/png" />
<meta name="twitter:label1" content="Est. reading time" />
	<meta name="twitter:data1" content="1 minute" />
<script type="application/ld+json" class="yoast-schema-graph">{"@context":"https://schema.org","@graph":[{"@type":"WebPage","@id":"https://eureka-tp.com/fr/product/tdf2026lille02/","url":"https://eureka-tp.com/fr/product/tdf2026lille02/","name":"Tour de France Eureka Lille 6 février 2026 - Eureka - Train the Trainer","isPartOf":{"@id":"https://eureka-tp.com/#website"},"primaryImageOfPage":{"@id":"https://eureka-tp.com/fr/product/tdf2026lille02/#primaryimage"},"image":{"@id":"https://eureka-tp.com/fr/product/tdf2026lille02/#primaryimage"},"thumbnailUrl":"https://eureka-tp.com/wp-content/uploads/2025/10/a-blue-volkswagen-camper-van-with-the-white-inscri2.png","datePublished":"2025-11-03T16:32:47+00:00","dateModified":"2026-01-17T04:17:07+00:00","breadcrumb":{"@id":"https://eureka-tp.com/fr/product/tdf2026lille02/#breadcrumb"},"inLanguage":"fr-FR","potentialAction":[{"@type":"ReadAction","target":["https://eureka-tp.com/fr/product/tdf2026lille02/"]}]},{"@type":"ImageObject","inLanguage":"fr-FR","@id":"https://eureka-tp.com/fr/product/tdf2026lille02/#primaryimage","url":"https://eureka-tp.com/wp-content/uploads/2025/10/a-blue-volkswagen-camper-van-with-the-white-inscri2.png","contentUrl":"https://eureka-tp.com/wp-content/uploads/2025/10/a-blue-volkswagen-camper-van-with-the-white-inscri2.png","width":1024,"height":1024},{"@type":"BreadcrumbList","@id":"https://eureka-tp.com/fr/product/tdf2026lille02/#breadcrumb","itemListElement":[{"@type":"ListItem","position":1,"name":"Home","item":"https://eureka-tp.com/fr/"},{"@type":"ListItem","position":2,"name":"Tour de France EurekaLille 6 février 2026"}]},{"@type":"WebSite","@id":"https://eureka-tp.com/#website","url":"https://eureka-tp.com/","name":"Eureka - Train the Trainer","description":"Training for Trainers","potentialAction":[{"@type":"SearchAction","target":{"@type":"EntryPoint","urlTemplate":"https://eureka-tp.com/?s={search_term_string}"},"query-input":{"@type":"PropertyValueSpecification","valueRequired":true,"valueName":"search_term_string"}}],"inLanguage":"fr-FR"}]}</script>
<!-- / Yoast SEO plugin. -->

Tour de France EurekaLille 6 février 2026 - Eureka - Train the Trainer

Etape de Lille FR animé par Christophe Peger Eureka ! ✅ Formation de 9h à 12h midi ✅ Matériel et accessoires pédagogiques. ✅ Pause café Le lieu de la formation sera communiqué par email en début d'année 2026 - Merci.        .

Tour de France Eureka Lille 6 février 2026 - Eureka - Train the Trainer

Tour de France EurekaLille 6 février 2026
